d by w(10).
4
Suppose -3 = -2*f + f. Suppose 0 = 3*n - 0*n + 2*u - 8, 4*n = -4*u + 8. Calculate the remainder when n is divided by f.
1
Let i(u) be the second derivative of u**3/2 - u**2 + u. Calculate the remainder when 46 is divided by i(6).
14
Let t = -13 + 16. Let y(c) = c + 3. Let g be y(0). Suppose t*a = -3, j + a = g*j - 71. What is the remainder when j is divided by 18?
17
Let d = -31 - -45. Let n(o) = 7*o + 7. Calculate the remainder when n(d) is divided by 27.
24
Suppose -5*g + 10 = 5*x, 4*x - 5*x = 0. Suppose 0*k + 2*k = 6, 0 = -2*f + 4*k - 8. Calculate the remainder when f is divided by g.
0
Let u = 128 + -47. What is the remainder when u is divided by 17?
13
Let y(q) = q**3 + 4*q**2 - 2*q - 3. Let m = 3 + -7. Suppose -4*z = -18 + 6. What is the remainder when y(m) is divided by z?
2
Let n be -3*1 - 105/(-5). Suppose 0 = -k - k + n. Suppose 13 + 25 = 3*a + 5*o, 0 = -a + 2*o + 20. What is the remainder when a is divided by k?
7
What is the remainder when (-60)/(-9 - -4) - -6 is divided by (-1 + -4)/((-1)/2)?
8
Suppose 2*d - 12 + 2 = 2*p, 5*p - 15 = -5*d. Calculate the remainder when 3 - (0 - d/(-2)) is divided by 1.
0
Let x(g) = 9*g**2 - 3*g + 4. Let k be x(3). Suppose -5*d = -2*m + 44, d = -3*m + 6*d + k. What is the remainder when m is divided by 17?
15
Let l = -1 - -11. What is the remainder when 18 is divided by l?
8
Let d(k) = k**2 - k + 3. Suppose 0 = -2*s + 14 - 6. What is the remainder when 27 is divided by d(s)?
12
Suppose 0 = -4*n + 3*g + 11 + 32, n = -g + 2. Let l(h) = h**2 + 10*h + 1. Let v be l(-7). Let f = v + 39. What is the remainder when f is divided by n?
5
Let m(b) = 3*b + 29. Calculate the remainder when 17 is divided by m(-6).
6
Let o(u) be the third derivative of -7*u**4/24 - u**3/2 + 3*u**2. What is the remainder when o(-10) is divided by 17?
16
Let g(o) be the second derivative of -o**5/20 - o**4/4 + o**3/2 - 3*o**2/2 + 2*o. Calculate the remainder when g(-5) is divided by 11.
10
Suppose 4*p = 21 + 15. Let v = p - 2. What is the remainder when 12 is divided by v?
5
Let j(v) = 2*v + 31. Calculate the remainder when 22 is divided by j(-13).
2
Let y(f) = 7*f - 7. Let h be y(6). Let r = 5 + -3. Suppose -3*n + h = r*k - 8, -2*k = -4*n - 64. Calculate the remainder when k is divided by 9.
8
Let f = -7 + 2. Let n(i) = i**3 + 6*i**2 - 6*i. Let c be n(f). Suppose c = 5*o - 30. What is the remainder when 33 is divided by o?
16
Let c = 6 - 3. Suppose 4*u + 0*u = -2*f + 30, c*u = f + 5. Calculate the remainder when 13 is divided by f.
6
Suppose -5*s - q + 65 = 0, q + q = 3*s - 39. Calculate the remainder when 29 is divided by s.
3
Let s = -102 - -56. Let a = -27 - s. Let w(x) = -x**2 + 7*x. What is the remainder when a is divided by w(5)?
9
Let j = -10 + 23. Calculate the remainder when j is divided by 7.
6
Suppose -6 = 3*s - 4*m, 3*s - 2*m + 9 = -3. Let d(c) = -3*c - 5. What is the remainder when d(s) is divided by 8?
5
Let a = 68 + -25. Calculate the remainder when a is divided by 22.
21
Suppose 84 = 4*u + 12. Suppose 0 = -4*r + 122 + 162. What is the remainder when r is divided by u?
17
Let i = -9 - -14. Calculate the remainder when (18/4)/((-24)/(-64)) is divided by i.
2
Let f(j) = j**3 + 9*j**2 - 10*j + 1. Let v be f(-10). Let n = 11 + v. Suppose -3*b = -0 - 105. Calculate the remainder when b is divided by n.
11
Let x = -1 + 1. Let t = 13 + x. Suppose -4*c + 9 = -11. What is the remainder when t is divided by c?
3
Suppose -5*g + 2*g - 3*x = 0, g + 3*x + 6 = 0. Suppose -g*r = 3 - 6. Suppose -j = -3*i + 2, j = -5*i - 0*j + 6. What is the remainder when i is divided by r?
0
Calculate the remainder when 255 is divided by ((-10)/25)/(1/(-2))*40.
31
Let k(s) = -s**2 - 9*s - 2. Suppose 5*x + 7*u - 3*u = -38, 2*u + 22 = -3*x. Let i = -25 + 72. Calculate the remainder when i is divided by k(x).
15
Let s(q) = q**3 - 6*q**2 + 10*q + 5. What is the remainder when s(3) is divided by 1*-1*(-1 + -2)?
2
Suppose 15 = f - 219. Suppose -f = -4*r + 38. Suppose 0*m = 4*m - r. Calculate the remainder when 50 is divided by m.
16
Let s be 4/(-6)*66/(-4). Let u = 15 - s. Suppose r = -5*o + 11, -u*r + 12 = -0*r + 4*o. What is the remainder when 2 is divided by r?
0
What is the remainder when 11 is divided by (-1)/((3 + -5)/14)?
4
Suppose 24 = 2*x + 2. Let s = 0 - -2. Suppose -52 - 34 = -s*b. Calculate the remainder when b is divided by x.
10
Suppose -3*s = 5*z - 295, -2*s - 2*z + 289 = s. Suppose 2*h - 19 - 31 = 4*p, -2*h - 5*p = -s. What is the remainder when 103 is divided by h?
33
Let a = 13 + 2. Suppose i - 3*i + 5*s = 3, -a = -5*s. Suppose -4*l + 15 = -29. Calculate the remainder when l is divided by i.
5
Suppose -6*h + 2*h = 5*v - 79, 0 = -3*v - 4*h + 41. Calculate the remainder when v is divided by 11.
8
Let p = 138 - 103. What is the remainder when 174 is divided by p?
34
Suppose f - 24 + 6 = 0. Calculate the remainder when 53 is divided by f.
17
Let m(q) = 2*q**2 - 3*q - 4. Let d(p) = -1 - 7 - 2 + 11*p - p**2. Calculate the remainder when m(-3) is divided by d(9).
7
Calculate the remainder when 45 is divided by -14*4/(-14)*3.
9
Suppose -r = -6 + 2. Suppose r*d = -0*o - 3*o + 22, 34 = 5*o + 4*d. Calculate the remainder when 28 is divided by o.
4
Let w(k) = 2*k**2 + 3*k + 4. Let a = 1 - 7. Suppose -3*h - 3*v = -0*v - 75, 5 = v. Calculate the remainder when w(a) is divided by h.
18
Let b(o) = 2*o + 2. Let r(d) = 7*d + 8. Let k(z) = 22*b(z) - 6*r(z). Calculate the remainder when k(5) is divided by 5 + 0 - (-1 - -2).
2
Let i be ((-532)/(-8))/(-7)*-2. Let h = -14 + i. What is the remainder when 7 is divided by h?
2
Suppose 4*h = 3*t + 55, 0 = -4*h - 4*t - 19 + 67. What is the remainder when 23 is divided by h?
10
Let y = 7 + 16. Suppose -5*a = 3*l - 34, a - 11 = -l - l. Suppose -a*g + 27 = -13. Calculate the remainder when y is divided by g.
7
Suppose -3*j - 2*q = -7*q, 0 = 3*j - q - 12. Let h be -25*((-7)/j + 1). Let l = h + 0. Calculate the remainder when l is divided by 3.
1
Let k = 12 - 10. Let i = k + 4. What is the remainder when 11 is divided by i?
5
Suppose 0*m - 4*m + 64 = 0. Suppose 9 = a - 3*n, -3*n + 0*n = -2*a + 15. What is the remainder when m is divided by a?
4
Let j be 40/(-6)*(-3)/(-1). Let i = 25 + j. Calculate the remainder when 18 is divided by i.
3
Suppose 0 = -5*b + 1 + 109. Let g = 97 - b. Calculate the remainder when g is divided by 19.
18
Let f = 30 + -20. Let l(t) be the third derivative of -5*t**4/12 - t**3/2 - 3*t**2. Calculate the remainder when l(-2) is divided by f.
7
Suppose 4*r = i + 27, 0*i = -4*r - 4*i + 52. Let p be r - (-3)/((-6)/4). Suppose 2*s - p = -f - f, -f = 2*s - 1. What is the remainder when 8 is divided by f?
3
Suppose -4*i = 5*f, f + 4 = 5*i - 25. Suppose -i*y - 5 = -a, -y + 2*y + 25 = 5*a. Suppose -l - 8 + 23 = y. Calculate the remainder when l is divided by 9.
6
Let s(y) = -y**2 + 9*y - 8. Let z(w) = -w**2 - 25*w - 73. What is the remainder when z(-20) is divided by s(6)?
7
Suppose 2*t + 3*y + 34 = 0, -2*t - y - 32 = y. Calculate the remainder when (-4)/14 - 508/t is divided by 19.
17
What is the remainder when ((-2506)/(-5))/7 + 9/(-15) is divided by 19?
14
Calculate the remainder when 21 is divided by 440/36 - 2/9.
9
Suppose -4*b + 3 = y, -2*b - 2*b - 3*y - 7 = 0. Suppose -b*j + 2 = 8. What is the remainder when 40 is divided by (1 - 0)*(j + 17)?
12
Suppose -3 = -z, 3*b = 2*z + 21 + 21. Calculate the remainder when 1 - 2 - -63 - 1 is divided by b.
13
Let b be (-8)/20 - (-86)/(-10). Let f(v) = 2*v**2 + 12*v - 8. What is the remainder when f(b) is divided by 16?
14
Suppose -12 = 4*m - 5*m. Calculate the remainder when m is divided by 5.
2
Suppose f = 2 - 3. Let r be (0 - 0)*f/(-1). Suppose -n + 5*n = 3*o - 45, 3*o + 3*n - 24 = r. What is the remainder when o is divided by 4?
3
Let b(s) be the second derivative of s**3/6 + 3*s**2/2 + 6*s. What is the remainder when 27 is divided by b(3)?
3
Suppose 0 = -5*j + 3*j - 20. Let h = 9 - j. What is the remainder when h is divided by 11?
8
Suppose 0 = 5*i + 27 - 157. Calculate the remainder when i is divided by 9.
8
Let z = 0 + 28. Suppose x + 0*x = z. Let t = 3 + 7. What is the remainder when x is divided by t?
8
Suppose w = 4*w - 21. What is the remainder when 10 is divided by w?
3
Let r(i) = i + 4. Suppose 0 = -5*f + 3*w + 15, 5*f - 4*w - 14